{"id":69,"date":"2024-05-07T00:17:25","date_gmt":"2024-05-07T00:17:25","guid":{"rendered":"https:\/\/www.get-wtal.de\/?page_id=69"},"modified":"2024-05-14T11:41:39","modified_gmt":"2024-05-14T11:41:39","slug":"handwerkerdienste","status":"publish","type":"page","link":"https:\/\/www.get-wtal.de\/index.php\/handwerkerdienste\/","title":{"rendered":"HANDWERKERDIENSTE"},"content":{"rendered":"\n<figure class=\"wp-block-image size-full is-resized\"><img loading=\"lazy\" decoding=\"async\" width=\"500\" height=\"400\" src=\"https:\/\/www.get-wtal.de\/wp-content\/uploads\/2024\/05\/Bild3-1.jpg\" alt=\"\" class=\"wp-image-73\" style=\"width:840px;height:auto\" srcset=\"https:\/\/www.get-wtal.de\/wp-content\/uploads\/2024\/05\/Bild3-1.jpg 500w, https:\/\/www.get-wtal.de\/wp-content\/uploads\/2024\/05\/Bild3-1-300x240.jpg 300w, https:\/\/www.get-wtal.de\/wp-content\/uploads\/2024\/05\/Bild3-1-480x384.jpg 480w\" sizes=\"auto, (max-width: 500px) 100vw, 500px\" \/><\/figure>\n\n\n\n<p><strong>F\u00fcr den Erhalt Ihrer Objekte und Anlagen!<\/strong><\/p>\n\n\n\n<p>Zuverl\u00e4ssigkeit und ein qualifiziertes fachliches sowie handwerkliches K\u00f6nnen sind f\u00fcr uns die Grundlage unserer Arbeit. Bei uns haben Sie den besten Service von der Anfrage \u00fcber das Angebot bis zur detaillierten und transparenten Rechnungsstellung. Kleinreparaturen bis hin zum Komplettausbau von Wohnungen f\u00fchren wir selbst mit unserem Fachpersonal aus. Schnelle unkomplizierte Behebung von Wassersch\u00e4den und Feststellung deren Ursachen sind unser Fachgebiet. Abrechnung aller Arbeiten nach fester Preisliste, mit Arbeitszettel und Dokumentation sind selbstverst\u00e4ndlich.<\/p>\n\n\n\n<ul class=\"wp-block-list\">\n<li>Renovierungsarbeiten<\/li>\n\n\n\n<li>Schl\u00fcsseldienst<\/li>\n\n\n\n<li>Kleinreparaturen<\/li>\n\n\n\n<li>Wohnungsumbauten<\/li>\n\n\n\n<li>Leuchtmittel Austauschen<\/li>\n\n\n\n<li>u.v.m.<\/li>\n<\/ul>\n\n\n\n<figure class=\"wp-block-image size-full is-resized\"><img loading=\"lazy\" decoding=\"async\" width=\"500\" height=\"300\" src=\"https:\/\/www.get-wtal.de\/wp-content\/uploads\/2024\/05\/Bild4.jpg\" alt=\"\" class=\"wp-image-74\" style=\"width:840px;height:auto\" srcset=\"https:\/\/www.get-wtal.de\/wp-content\/uploads\/2024\/05\/Bild4.jpg 500w, https:\/\/www.get-wtal.de\/wp-content\/uploads\/2024\/05\/Bild4-300x180.jpg 300w, https:\/\/www.get-wtal.de\/wp-content\/uploads\/2024\/05\/Bild4-480x288.jpg 480w\" sizes=\"auto, (max-width: 500px) 100vw, 500px\" \/><\/figure>\n\n\n\n<p><strong>Ihr Partner rund ums Haus<\/strong><\/p>\n\n\n\n<p><strong>Sara-Immobilien-Dienstleistung <\/strong>bem\u00fcht sich verantwortungsbewusst und sachverst\u00e4ndig um Ihre Privat- oder Gewerbeimmobilie. Wir sind Ihr vertrauensvoller Ansprechpartner f\u00fcr Hausmeisterdienste, egal ob Reinigung, marginale Renovierungsarbeiten, Gartenpflege oder Winterdienst.<\/p>\n\n\n\n<p><strong>Nur wenn Sie zufrieden sind, sind wir es auch!<\/strong><\/p>\n\n\n\n<p><\/p>\n","protected":false},"excerpt":{"rendered":"<p>F\u00fcr den Erhalt Ihrer Objekte und Anlagen! Zuverl\u00e4ssigkeit und ein qualifiziertes fachliches sowie handwerkliches K\u00f6nnen sind f\u00fcr uns die Grundlage unserer Arbeit. Bei uns haben [&hellip;]<\/p>\n","protected":false},"author":1,"featured_media":0,"parent":0,"menu_order":0,"comment_status":"closed","ping_status":"closed","template":"","meta":{"footnotes":""},"class_list":["post-69","page","type-page","status-publish","hentry"],"_links":{"self":[{"href":"https:\/\/www.get-wtal.de\/index.php\/wp-json\/wp\/v2\/pages\/69","targetHints":{"allow":["GET"]}}],"collection":[{"href":"https:\/\/www.get-wtal.de\/index.php\/wp-json\/wp\/v2\/pages"}],"about":[{"href":"https:\/\/www.get-wtal.de\/index.php\/wp-json\/wp\/v2\/types\/page"}],"author":[{"embeddable":true,"href":"https:\/\/www.get-wtal.de\/index.php\/wp-json\/wp\/v2\/users\/1"}],"replies":[{"embeddable":true,"href":"https:\/\/www.get-wtal.de\/index.php\/wp-json\/wp\/v2\/comments?post=69"}],"version-history":[{"count":5,"href":"https:\/\/www.get-wtal.de\/index.php\/wp-json\/wp\/v2\/pages\/69\/revisions"}],"predecessor-version":[{"id":155,"href":"https:\/\/www.get-wtal.de\/index.php\/wp-json\/wp\/v2\/pages\/69\/revisions\/155"}],"wp:attachment":[{"href":"https:\/\/www.get-wtal.de\/index.php\/wp-json\/wp\/v2\/media?parent=69"}],"curies":[{"name":"wp","href":"https:\/\/api.w.org\/{rel}","templated":true}]}}