{"id":60,"date":"2024-05-07T00:10:29","date_gmt":"2024-05-07T00:10:29","guid":{"rendered":"https:\/\/www.get-wtal.de\/?page_id=60"},"modified":"2024-05-14T11:40:34","modified_gmt":"2024-05-14T11:40:34","slug":"gebaeudereinigung","status":"publish","type":"page","link":"https:\/\/www.get-wtal.de\/index.php\/gebaeudereinigung\/","title":{"rendered":"GEB\u00c4UDEREINIGUNG"},"content":{"rendered":"\n<p><strong>GEB\u00c4UDEREINIGUNG<\/strong><\/p>\n\n\n<div class=\"wp-block-image\">\n<figure class=\"aligncenter size-full is-resized\"><img loading=\"lazy\" decoding=\"async\" width=\"502\" height=\"209\" src=\"https:\/\/www.get-wtal.de\/wp-content\/uploads\/2024\/05\/hp-get-wtal-04.jpg\" alt=\"\" class=\"wp-image-150\" style=\"width:524px\" srcset=\"https:\/\/www.get-wtal.de\/wp-content\/uploads\/2024\/05\/hp-get-wtal-04.jpg 502w, https:\/\/www.get-wtal.de\/wp-content\/uploads\/2024\/05\/hp-get-wtal-04-300x125.jpg 300w, https:\/\/www.get-wtal.de\/wp-content\/uploads\/2024\/05\/hp-get-wtal-04-480x200.jpg 480w\" sizes=\"auto, (max-width: 502px) 100vw, 502px\" \/><\/figure>\n<\/div>\n\n\n<p><strong>Geb\u00e4udereinigung aller Art rund um ihr Objekt<\/strong><\/p>\n\n\n\n<p>Bei den verschiedenen T\u00e4tigkeitsbereichen rund ums Haus unterst\u00fctzen wir Sie gerne. Eine gr\u00fcndliche und schnelle Ausf\u00fchrung der Geb\u00e4udereinigung bei Ber\u00fccksichtigung Ihrer pers\u00f6nlichen Vorstellungen.<\/p>\n\n\n\n<ul class=\"wp-block-list\">\n<li>Geb\u00e4udereinigung<\/li>\n\n\n\n<li>Treppenhausreinigung<\/li>\n\n\n\n<li>Fensterreinigung<\/li>\n\n\n\n<li>B\u00fcroreinigung<\/li>\n\n\n\n<li>Hofreinigung<\/li>\n\n\n\n<li>Grundreinigung<\/li>\n\n\n\n<li>Terrassen- \/ Steinreinigung<\/li>\n\n\n\n<li>Weiteres auf Anfrage<\/li>\n<\/ul>\n\n\n<div class=\"wp-block-image\">\n<figure class=\"aligncenter size-full\"><img loading=\"lazy\" decoding=\"async\" width=\"442\" height=\"300\" src=\"https:\/\/www.get-wtal.de\/wp-content\/uploads\/2024\/05\/hp-get-wtal-00-1.jpg\" alt=\"\" class=\"wp-image-151\" srcset=\"https:\/\/www.get-wtal.de\/wp-content\/uploads\/2024\/05\/hp-get-wtal-00-1.jpg 442w, https:\/\/www.get-wtal.de\/wp-content\/uploads\/2024\/05\/hp-get-wtal-00-1-300x204.jpg 300w\" sizes=\"auto, (max-width: 442px) 100vw, 442px\" \/><\/figure>\n<\/div>\n\n\n<p><strong>Ihr Partner rund ums Haus<\/strong><\/p>\n\n\n\n<p><strong>Sara Immobilien-Dienstleistung <\/strong>bem\u00fcht sich verantwortungsbewusst und sachverst\u00e4ndig um Ihre Privat- oder Gewerbeimmobilie. Wir sind Ihr vertrauensvoller Ansprechpartner f\u00fcr Hausmeisterdienste, egal ob Reinigung, marginale Renovierungsarbeiten, Gartenpflege oder Winterdienst.<\/p>\n\n\n\n<p><strong>Nur wenn Sie zufrieden sind, sind wir es auch!<\/strong><\/p>\n\n\n<div class=\"wp-block-image\">\n<figure class=\"aligncenter size-full is-resized\"><img loading=\"lazy\" decoding=\"async\" width=\"384\" height=\"273\" src=\"https:\/\/www.get-wtal.de\/wp-content\/uploads\/2024\/05\/hp-get-wtal-02.jpg\" alt=\"\" class=\"wp-image-152\" style=\"width:524px\" srcset=\"https:\/\/www.get-wtal.de\/wp-content\/uploads\/2024\/05\/hp-get-wtal-02.jpg 384w, https:\/\/www.get-wtal.de\/wp-content\/uploads\/2024\/05\/hp-get-wtal-02-300x213.jpg 300w\" sizes=\"auto, (max-width: 384px) 100vw, 384px\" \/><\/figure>\n<\/div>","protected":false},"excerpt":{"rendered":"<p>GEB\u00c4UDEREINIGUNG Geb\u00e4udereinigung aller Art rund um ihr Objekt Bei den verschiedenen T\u00e4tigkeitsbereichen rund ums Haus unterst\u00fctzen wir Sie gerne. Eine gr\u00fcndliche und schnelle Ausf\u00fchrung der [&hellip;]<\/p>\n","protected":false},"author":1,"featured_media":0,"parent":0,"menu_order":0,"comment_status":"closed","ping_status":"closed","template":"","meta":{"footnotes":""},"class_list":["post-60","page","type-page","status-publish","hentry"],"_links":{"self":[{"href":"https:\/\/www.get-wtal.de\/index.php\/wp-json\/wp\/v2\/pages\/60","targetHints":{"allow":["GET"]}}],"collection":[{"href":"https:\/\/www.get-wtal.de\/index.php\/wp-json\/wp\/v2\/pages"}],"about":[{"href":"https:\/\/www.get-wtal.de\/index.php\/wp-json\/wp\/v2\/types\/page"}],"author":[{"embeddable":true,"href":"https:\/\/www.get-wtal.de\/index.php\/wp-json\/wp\/v2\/users\/1"}],"replies":[{"embeddable":true,"href":"https:\/\/www.get-wtal.de\/index.php\/wp-json\/wp\/v2\/comments?post=60"}],"version-history":[{"count":6,"href":"https:\/\/www.get-wtal.de\/index.php\/wp-json\/wp\/v2\/pages\/60\/revisions"}],"predecessor-version":[{"id":154,"href":"https:\/\/www.get-wtal.de\/index.php\/wp-json\/wp\/v2\/pages\/60\/revisions\/154"}],"wp:attachment":[{"href":"https:\/\/www.get-wtal.de\/index.php\/wp-json\/wp\/v2\/media?parent=60"}],"curies":[{"name":"wp","href":"https:\/\/api.w.org\/{rel}","templated":true}]}}