{"id":2,"date":"2024-05-06T06:41:30","date_gmt":"2024-05-06T06:41:30","guid":{"rendered":"https:\/\/www.quizzical-perlman.89-22-115-70.plesk.page\/?page_id=2"},"modified":"2025-07-07T13:54:55","modified_gmt":"2025-07-07T11:54:55","slug":"sample-page","status":"publish","type":"page","link":"https:\/\/www.get-wtal.de\/","title":{"rendered":"Willkommen"},"content":{"rendered":"\n<p>Ihr kompetenter Hausmeister Dienst aus Wuppertal \u2013 bei Hilden!<\/p>\n\n\n\n<p>Wir arbeiten verantwortungsbewusst und sachverst\u00e4ndig bei allen Themen um Ihre Privat- oder Gewerbeimmobilie.<br>Wir sind Ihr zuverl\u00e4ssiger Ansprechpartner f\u00fcr Hausmeisterdienste, egal ob Reinigung, marginale Renovierungsarbeiten oder Gartenpflege.<br>Unser Ziel ist es, angepasste L\u00f6sungen f\u00fcr die kundenspezifischen Anforderungen anbieten zu k\u00f6nnen. Nur wenn Sie zufrieden sind, sind wir es auch!<br><strong>Sara-Immobilien-Dienstleistungen<\/strong> hat sich durch Flexibilit\u00e4t, optimierte Auftragsvorbereitung und -abwicklung sowie pers\u00f6nlichen Kundenservice schnell zu einem erfolgreichen Hausmeisterservice entwickelt.<\/p>\n\n\n\n<p>Ben\u00f6tigen Sie andere Dienste, die hier nicht aufgef\u00fchrt sind?<br>Dies ist nat\u00fcrlich kein Problem f\u00fcr uns. Kontaktieren Sie einfach unser Team und fragen Sie uns.&nbsp;<\/p>\n\n\n\n<p>Der&nbsp;<strong>Sara-Immobilien-Dienstleistungen <\/strong>mit Hauptsitz in Wuppertal ist in Wuppertal und Umgebung t\u00e4tig. Auch wenn Sie sich au\u00dferhalb unseres Einzugsgebiets befinden, z\u00f6gern Sie nicht uns zu kontaktieren.<\/p>\n\n\n\n","protected":false},"excerpt":{"rendered":"<p>Ihr kompetenter Hausmeister Dienst aus Wuppertal \u2013 bei Hilden! Wir arbeiten verantwortungsbewusst und sachverst\u00e4ndig bei allen Themen um Ihre Privat- oder Gewerbeimmobilie.Wir sind Ihr zuverl\u00e4ssiger [&hellip;]<\/p>\n","protected":false},"author":1,"featured_media":0,"parent":0,"menu_order":0,"comment_status":"closed","ping_status":"closed","template":"","meta":{"footnotes":""},"class_list":["post-2","page","type-page","status-publish","hentry"],"_links":{"self":[{"href":"https:\/\/www.get-wtal.de\/index.php\/wp-json\/wp\/v2\/pages\/2","targetHints":{"allow":["GET"]}}],"collection":[{"href":"https:\/\/www.get-wtal.de\/index.php\/wp-json\/wp\/v2\/pages"}],"about":[{"href":"https:\/\/www.get-wtal.de\/index.php\/wp-json\/wp\/v2\/types\/page"}],"author":[{"embeddable":true,"href":"https:\/\/www.get-wtal.de\/index.php\/wp-json\/wp\/v2\/users\/1"}],"replies":[{"embeddable":true,"href":"https:\/\/www.get-wtal.de\/index.php\/wp-json\/wp\/v2\/comments?post=2"}],"version-history":[{"count":4,"href":"https:\/\/www.get-wtal.de\/index.php\/wp-json\/wp\/v2\/pages\/2\/revisions"}],"predecessor-version":[{"id":176,"href":"https:\/\/www.get-wtal.de\/index.php\/wp-json\/wp\/v2\/pages\/2\/revisions\/176"}],"wp:attachment":[{"href":"https:\/\/www.get-wtal.de\/index.php\/wp-json\/wp\/v2\/media?parent=2"}],"curies":[{"name":"wp","href":"https:\/\/api.w.org\/{rel}","templated":true}]}}